- d. Suppose -c = -z + 4*z - 28, -5*z - 4*c + j = 0. What is the tens digit of z?
1
Let h = 26 + 20. Suppose -38 - h = -r. Suppose -s = 3*s - r. What is the tens digit of s?
2
Let u = 43 + -22. Suppose 18 = 2*d + 4*s, -2*s + u = 4*d + 3. What is the units digit of (5 + 27)/(2/d)?
8
Let p(d) = d**2 + 4*d - 13. Suppose 0*f + 5*f - 30 = 0. What is the units digit of p(f)?
7
Let l be (-4 + -1)/((-2)/20). Suppose -3*y = 5 - l. What is the tens digit of 1 - 4 - (-29 - y)?
4
Let t(o) = 17*o - 14. Let d be t(12). Suppose -40 = -5*n + d. What is the units digit of n?
6
Let u(t) = t**2 + 2*t - 1. Let a be u(1). Suppose -a*y = 2*b - 38, -2*b + 4 - 2 = 0. Suppose n = -2*n + y. What is the units digit of n?
6
Let n(l) = -2*l**2 - 8*l + 10. Let t be n(-5). Suppose t = 2*s - 13*s + 605. What is the tens digit of s?
5
Let k = -46 - -47. Let g(n) = 36*n**3 - n**2 - n + 1. What is the tens digit of g(k)?
3
Let z(h) be the second derivative of 3*h**5/20 + h**4/6 - h**3/2 + 3*h**2 - 4*h. What is the tens digit of z(3)?
9
Let f(j) = 3*j**2 - 1. Let q be f(-1). Suppose -q = 4*n - 10. What is the units digit of n?
2
Let d = 23 + 8. Suppose -12 = -d*u + 27*u. What is the units digit of u?
3
Let z(o) = -o**3 + o - 2. Let y be z(-2). Let b be 15/3 + (-1 - 0). Suppose -b*s - 4 + 22 = -5*x, 0 = -y*x - 8. What is the units digit of s?
2
Let j(h) = -199*h + 82. What is the hundreds digit of j(-5)?
0
Suppose p + 5*o = -p - 2, -3*o - 6 = 0. Let h be 3 + -6 - -17 - p. Suppose -2*v + 60 = 3*t, -v - 3*t = -23 - h. What is the units digit of v?
7
Suppose 40*n - 51136 = -7*n. What is the thousands digit of n?
1
Let t(g) = -g**3 + 4*g**2 - 2*g + 3. Let k be t(2). Suppose -k*s + 358 = -167. What is the units digit of s?
5
Let u(c) = 8 + 4*c - 3*c - 2*c. Let g be u(5). Suppose -5*i = -g*z + 20 - 2, -2*i = 6. What is the units digit of z?
1
Let t = 898 - 623. What is the hundreds digit of t?
2
Let n be ((-12)/(-9) + -1)*-21. What is the units digit of 4/n + (-536)/(-56)?
9
Let y(q) = -3*q + 0*q - 16 + 3. Let t = -29 - -19. What is the tens digit of y(t)?
1
Let o(c) = -17*c - 19. Let t(f) = -8*f - 9. Let m(q) = 4*o(q) - 9*t(q). Let u(h) = 5*h + 6. Let l(a) = 4*m(a) - 3*u(a). What is the units digit of l(3)?
5
Let o be 5/45*3998 - (-2)/(-9). Suppose -4*i + 4*s = -o, -2*s + 5*s = -5*i + 579. What is the hundreds digit of i?
1
Let i be -3 - (-10 - -1) - 3. Suppose 5*q = 4*k, i = 4*q - 3*k + 4. Let p(j) = j**3 + 7*j**2 + 7*j + 5. What is the units digit of p(q)?
5
Let t(v) = v**3 - 6*v**2 + 12*v - 1. What is the units digit of t(5)?
4
Let g be (-45)/12*8/3. Let m(b) = -b**2 - 9*b - 10. Let w be m(g). Let d = -14 - w. What is the units digit of d?
6
What is the thousands digit of (-6)/9*(-105018)/46?
1
Let c(g) be the second derivative of -g**4/12 - 4*g**3/3 - 7*g**2 + 4*g. Let k be c(-7). Let i(d) = -5*d + 5. What is the tens digit of i(k)?
4
Let u(h) = 10*h**3 + 12*h - 1. What is the thousands digit of u(6)?
2
Let r be ((-21)/3 - -2)*(-112)/(-35). Let y(t) = -9*t - 34. What is the hundreds digit of y(r)?
1
Let w be (-2)/(-4) + (198/12)/11. Suppose -266 = -2*y - 2*j, w*y - 4*j + 395 = 5*y. What is the units digit of y?
7
Suppose 204*k - 257400 = 149*k. What is the units digit of k?
0
Let j = -699 - -1283. What is the hundreds digit of j?
5
Suppose -2*d - 3*b + 5568 = -2713, 5*b = 3*d - 12469. What is the hundreds digit of d?
1
Suppose -5*s + 57 = 7. Let o = s - 6. Suppose -o*b = -l + 13, -5*l - 4*b = b + 10. What is the units digit of l?
1
Suppose 0 = -5*f - r + 29, 4*r = 3*f + 8*r - 31. Suppose -2*a + 39 = 3*j - 2, -3*j + 107 = f*a. What is the tens digit of a?
2
Suppose 2*f - 2919 = -3*l, -5*l - 6*f + 4872 = -5*f. What is the hundreds digit of l?
9
Let b(d) = 44 - d + d**3 + 3*d + d + 2*d**2 - 2*d. Let w = -1 + 1. What is the tens digit of b(w)?
4
Suppose 2*h = 4*y + 84, -h + 4*y - y + 44 = 0. Let w = 69 - h. What is the units digit of w?
1
Let a(y) = -5*y - 30. Let b be a(-6). Suppose 0 = -q - i + 80, -4*i - 247 = -3*q - b*i. What is the tens digit of q?
8
Let y(b) be the third derivative of -b**6/120 + 2*b**5/15 - 5*b**4/24 + 4*b**3/3 + 67*b**2. Let f = -11 - -17. What is the tens digit of y(f)?
5
Let l(m) = 4*m - 8. Let a be l(7). Suppose 58*y + a = 59*y. What is the units digit of y?
0
Suppose -3*j = -2 - 7. Suppose 3*p + 0*s = s + 20, -j*s = 3*p. Let i = -3 + p. What is the units digit of i?
2
Let l(o) = 71*o**2 - 35*o + 196. What is the tens digit of l(7)?
3
Let a(z) = -z**2 - 8*z - 10. Let w be a(-7). What is the units digit of w + 56 + 0 + 1?
4
Let v(m) = 255*m - 239. What is the hundreds digit of v(17)?
0
Suppose 4*r - 14 + 6 = 0. What is the units digit of r?
2
Let j be (0 - -4)/((-1)/(-13)). Let h = 9 + j. What is the units digit of h?
1
Let j = 497 + 898. What is the tens digit of j?
9
Let n be 8/10*(-5)/(-2). Suppose 2*t = n*z - 2 + 8, 3*z - 6 = 0. Suppose 2*w + 4 = t*v + 7, -21 = -4*w - 5*v. What is the units digit of w?
4
Let i be (-184)/(-6) + 4/(-6). Suppose 4*z - i = -z. Suppose -2*c + 14 - z = 0. What is the units digit of c?
4
Suppose -l + 3*l - 4864 = 5*z, l - 3*z = 2434. What is the units digit of l?
2
Let y = -41 + 41. Suppose y = -z + 177 - 12. What is the units digit of z?
5
Suppose -2*h = 9*k - 4*k - 4144, k = 5*h - 10306. What is the hundreds digit of h?
0
Let u(f) = f**2 - f + 7. Let v be 42/4*2/(-3). Let c be u(v). Let p = -41 + c. What is the units digit of p?
2
Let r(y) = -3*y**3 - 24*y**2 - y - 6. Let c be r(-10). Suppose -3*h - 4 = -2*h, 4*h + c = 4*l. What is the tens digit of l?
4
Suppose -5*h - 36 = -9*h. Suppose -h*n + 407 = 47. What is the units digit of n?
0
Let p = 8 + 1. Suppose 369 = 3*n - p. What is the hundreds digit of n?
1
Let b be 1*(-3)/(6/(-94)). Let w(r) = 20*r - 15. Let s be w(2). Let k = b - s. What is the units digit of k?
2
Let n(m) = 17*m - 1. Let f(s) = 3*s**2 - 1. Let q be f(-1). Let h be n(q). Let i = h - 16. What is the tens digit of i?
1
Let u(h) = h**2 - 12*h - 30. Let n be u(14). What is the tens digit of (-94)/n*(-2 + 5)?
4
Suppose 5*o = -2*h + 49, -3*h = -2*h + 3. Let a = 8 - o. Let k = a + 4. What is the units digit of k?
1
Let i(g) be the second derivative of -8*g + 0 - 5/6*g**3 - 2*g**2. What is the units digit of i(-6)?
6
Let w(s) be the third derivative of s**5/60 - s**4/4 - 4*s**3/3 + 9*s**2. What is the units digit of w(-6)?
4
Suppose 7*s - 791 = 6391. What is the tens digit of s?
2
Let w(l) = -l**3 + 7*l**2 - 11*l + 1. Let g be w(5). Let i be 2*(-16 + g)/(-4). Suppose j = 31 + i. What is the units digit of j?
1
Let g = 32 - 26. Suppose g*c - 5*c = 12. What is the tens digit of c?
1
Let f = 7 + -4. Suppose -f*d + 27 = -3*b - 24, 2*b = d - 13. What is the units digit of d?
1
Suppose 4*o = 2*u - 1 + 7, -5*u = -o - 3. Suppose 0 = o*p - 3*p + 202. What is the tens digit of p?
0
Suppose 25 = 5*s - 5*k, -5*k = -4*s + 2*s + 25. Suppose w - 147 - 14 = s. What is the units digit of w?
1
Let h = -701 - -1827. What is the hundreds digit of h?
1
Let f = -672 + 148. Let y = f - -739. What is the tens digit of y?
1
Let s(b) be the first derivative of b**2/2 - 3*b - 3. Let a be s(4). What is the tens digit of 36*a + (-9 - -7)?
3
Suppose 0 = y - 13*y + 4572. What is the tens digit of y?
8
Suppose 2*n + 4*k + 165 = 3*n, 169 = n - 2*k. Suppose 5*p - 137 = n. What is the units digit of p?
2
Let u = 147 + 12. What is the hundreds digit of u?
1
Let f(q) = -2*q**2 + 2. Let j be f(2). Let i(b) = b**3 + 5*b**2 - 5*b + 8. Let o be i(j). Suppose -o*c = -c - 11. What is the tens digit of c?
1
Suppose 3*m - 2*z - z = 1188, -2*m - 5*z + 771 = 0. What is the units digit of m?
3
Let i be (2 - -1)/3 - 4. What is the units digit of ((-1)/2)/(i/54)?
9
Suppose -2*t + 4061 = -k, k = 86 - 83. What is the hundreds digit of t?
0
Let p(i) = -7*i - 15. Let y be p(-6). Suppose z - 2 = y. What is the tens digit of z?
2
Let j(t) = 7*t**2 - 2*t - 2. Suppose 0 = -d + 2. Let y be j(d). What is the units digit of 8/44 + 62/y?
3
Let q(o) = o - 5. Let v be q(4). Let g = 9 + -15. Let k = v - g. What is the units digit of k?
5
Let c(u) be the first derivative of u**3/3 - 3*u**2/2 - 4*u + 6. Let b be c(-6). Suppose 2*y = 6 + b. What is the units digit of y?
8
Let u = 851 - -54. What is the tens digit of u?
0
Let d(h) = -2*h**2 + h + 1. Let j be d(-1). Let l(a) = -